e units digit of (a + -1)/(-4)*96?
8
Suppose 7 + 7 = 2*n. Suppose -8*x + n*x - 6 = 0. Let l(p) = -p**3 - 6*p**2 - 6*p + 5. What is the units digit of l(x)?
1
Suppose 0 = -13*b - 51*b + 323840. What is the thousands digit of b?
5
Let i = -496 + 861. What is the hundreds digit of i?
3
Suppose 4*l + 1 = 3*s, -3*l = 4*s - 3 + 10. What is the hundreds digit of (s + 1 - -57)/(111/592)?
3
Suppose 36*t = -455 + 14207. What is the units digit of t?
2
Suppose 0 = 12*q - q - 2057. What is the units digit of q?
7
Let u(b) = -2*b**3 + b**2. Let p be u(1). Let z be ((-2)/1)/(p/35). Let j = 123 - z. What is the units digit of j?
3
Let c(f) = 3*f**3 - 6*f**2 + 4*f + 8. Let y be 2 - 3/(-6)*4. What is the units digit of c(y)?
0
Suppose -21 = -0*n + 3*n. Let w = -5 - n. What is the units digit of w?
2
Suppose 5*s - 30 - 1195 = 0. Suppose -a + s = 2*i, 3*a + 0*i = -i + 715. What is the units digit of a?
7
Suppose z + 1 = s, -3*s = -2*z - 1 - 4. What is the units digit of 1790/26 - (96/52 - z)?
9
Let s = 7693 + -3918. What is the units digit of s?
5
Suppose -k + 14 = 5. Let d = k + 52. What is the units digit of d?
1
Let u = 12235 + -7833. What is the hundreds digit of u?
4
Let u = 1064 - -957. What is the tens digit of u?
2
Suppose 44*u - 3877 = 119499. What is the thousands digit of u?
2
Let g be (0*2/12)/(1 - 0). Suppose 0*a - 2*a + 4*x + 322 = g, 0 = 3*a + 3*x - 483. What is the hundreds digit of a?
1
Let y(b) = -b**3 + b**2 - 2*b + 1. Suppose -s + 0 - 12 = -3*p, -2*s - 24 = p. Let j = -14 - s. What is the units digit of y(j)?
7
Let i be ((-12)/24)/(1/(-22))*20. Suppose -47*a = -52*a + i. What is the units digit of a?
4
Let h(n) = -n**2 - 7*n + 4. Let q be h(-7). Suppose 0 = -q*z + 12, -8*y = -4*y + 3*z - 269. What is the tens digit of y?
6
Let o = 188 - 38. What is the hundreds digit of o?
1
Let l(u) = -75*u**2 + 2*u + 2. Let x be l(-1). Let j = x - -43. What is the tens digit of (69/2)/((-24)/j)?
4
Let j(w) = 66*w + 9. Let r be j(3). Let t = -134 + r. What is the units digit of t?
3
Suppose -481 = -q + 13. Suppose 4*t + 260 = 2*d - d, -5*t = 2*d - q. Suppose 3*r + r = d. What is the tens digit of r?
6
Let f(g) = -g**2 + 5*g + 1. Let i(c) be the third derivative of c**5/60 + c**4/6 - 8*c**3/3 + 8*c**2. Let s be i(-7). What is the units digit of f(s)?
1
Suppose -p + 0*v = -4*v - 19, -3*p - 3*v + 12 = 0. What is the units digit of (3 + -63)/(-3)*p/4?
5
Suppose 4*q = 3*q - 3. What is the units digit of 4*(-25)/60*q?
5
Let a(m) = 18*m - 13*m - 6*m - 2. Let n be a(2). What is the tens digit of (-371)/(-14) + (-2)/n?
2
Suppose 0*w = -2*w + 42. Suppose -19 = 4*j + 4*g + w, -2*j - 10 = 4*g. What is the units digit of (32/(-12) - -2)*j?
0
Suppose 2*s - 2 = 8. Suppose s = -5*f + 150. What is the units digit of (-1)/(f/15 - 2)?
5
Suppose 1651 = 26*z - 13*z. What is the hundreds digit of z?
1
Suppose 4542 = 11*q - 7261. What is the units digit of q?
3
Let i = 158 + -45. What is the units digit of i?
3
Let p be (1 - 5)*(-770)/8. Suppose 0 = -3*j - 2*c + p, 5*j = -3*c - c + 641. What is the units digit of j?
9
Let j be (4/5)/((-5)/(-25)). Let z be (-2154)/(-27) + j/18. Suppose 3*h = 7*h - z. What is the units digit of h?
0
Suppose 0 = -3*m - 2*g - 91, 2*m + 2*m - 2*g = -126. Let w = m + 74. Suppose 5*c = w + 67. What is the units digit of c?
2
Let l(h) be the first derivative of -3*h**2 - 14*h + 49. Let m be 1/2 - 15/2. What is the units digit of l(m)?
8
Let c(d) = -18*d. Let t be c(-1). Suppose 0 = -4*w + t + 10. Let y(x) = x**3 - 6*x**2 - 4*x - 7. What is the units digit of y(w)?
4
Let k(t) = -t**2 + 2*t + 2. Let c be k(4). Let q = 67 - 45. Let n = q + c. What is the units digit of n?
6
Let g be (-1 + -1)*(-180)/(-24). Let d = 19 + g. Suppose 0 = x + d - 25. What is the units digit of x?
1
Suppose 4*d + 72 = -5*d. Let k(s) = -15*s + 12. What is the hundreds digit of k(d)?
1
What is the units digit of 473 - 14/(3 + 4)?
1
Suppose 2*k + 20 = -4*h, -10 = -3*k - 2*k + 2*h. Suppose z - 6*z + 295 = k. What is the units digit of z?
9
Let n(t) = -t**2 - 20*t - 18. Let z be n(-21). Let u = z - -53. What is the tens digit of u?
1
Suppose 95 = -4*a - 3*s + 34, 14 = -2*a + 4*s. Let q(t) be the third derivative of t**4/24 + 19*t**3/6 + t**2. What is the units digit of q(a)?
6
Suppose -q + 3*q + 4 = 0. Let k = q + 4. Suppose -k*n + 3*v = -41, -n + 3*v = -0*n - 28. What is the units digit of n?
3
Let u be (0 - (-3)/(-1)) + 39. What is the units digit of (-3)/(-2)*1128/u?
7
Let y(b) = 3*b**2 + 5*b + 6*b**2 - 8*b**2. Let x be y(-4). What is the units digit of (34/x)/((-3)/12)?
4
Let j be (-1 + -2 - -8)/1. Suppose -4 = f - 2, -j*z + 12 = -f. Suppose -18 = -z*d + 3*u + 20, 76 = 4*d - 4*u. What is the units digit of d?
9
Suppose -5*b + 5*v = -205, b + 3*v - 21 = -0*v. Suppose b = s - 4. What is the tens digit of s?
4
Let y = -86 + -74. Let t = 418 + y. What is the hundreds digit of t?
2
Suppose 34*r - 9*r - 8525 = 0. What is the tens digit of r?
4
Let i be 1/(-5 - -3)*0. Suppose i = -0*f - 5*f + 185. What is the units digit of f?
7
Let g(m) = 156*m**3 - 2*m**2 + 3*m - 2. What is the units digit of g(1)?
5
Suppose i - 29 = 3*i + 5*h, 21 = -3*i - 3*h. Let s be 23*(i + (-9)/(-3)). Let l = -7 + s. What is the units digit of l?
6
Suppose 6 = 5*c - 14. Suppose -3*z + c*i = i - 18, 4*i = 3*z - 19. Suppose 3*s + z - 26 = 0. What is the units digit of s?
7
Let v be (-10)/(-3)*78/65. Suppose 194 = 6*w - v*w. What is the tens digit of w?
9
Let l(g) = 9*g + 13 + 2*g + 0*g. Let c(q) = 5*q + 6. Let z(d) = 13*c(d) - 6*l(d). What is the units digit of z(-3)?
3
Let d = -182 + 157. Let s = 41 + -97. Let k = d - s. What is the tens digit of k?
3
Suppose 3*j - 3 = 0, 10*i + 2845 = 15*i + 5*j. What is the tens digit of i?
6
Let h be (0 - -1) + (-1 - -2)*2. Suppose g + h*b - 67 = 0, 7*g = 3*g - 3*b + 304. What is the units digit of g?
9
Let f = -23 - -27. Let j(s) = 10*s**2 + 4*s - 11. What is the hundreds digit of j(f)?
1
Suppose -3*x + 1496 = -2*f, 2*f = x - 4*x + 1516. What is the tens digit of x?
0
Let a(q) = 5*q. Let l(r) = -5*r + 1. Let t(m) = 4*a(m) + 5*l(m). Let y(z) = -z**2 + 14*z - 42. Let c be y(10). What is the units digit of t(c)?
5
Let o be 2 + ((-32)/(-4))/(-2). Let r(p) = -12*p**3 - 5*p**2 - 3*p - 3. What is the tens digit of r(o)?
7
Let j(d) = 4*d**3 + 2*d**2 - 4*d - 2. Let m be j(-8). Let p(k) = k**3 + 2*k**2 - 4. Let h be p(-4). What is the tens digit of m/h + 2/(-4)?
5
Suppose 2*r - 4*t = 1020, -4*r = r + 3*t - 2485. What is the units digit of r?
0
Suppose 4*d - 50 = 6*d. Let g = d - -29. Suppose g*y - 72 = 12. What is the units digit of y?
1
Let d be 3/(-4) + 273/28. Let f be 3*(3 + 57/d). Let l = -16 + f. What is the units digit of l?
2
Let y = 43 + 166. What is the tens digit of (2*(y - -2))/2?
1
Let s = -8 + 14. Suppose 3 = -s*q + 21. Suppose 4*b + 5*d - q*d - 64 = 0, 16 = b - d. What is the units digit of b?
6
Let g = -2115 + 3656. What is the hundreds digit of g?
5
Suppose 5*c = 17*d - 13*d - 795, 5*d + 5*c = 1050. What is the units digit of d?
5
Suppose -36*g = -21*g - 8250. What is the units digit of g?
0
Suppose z + z - 4 = 0. Suppose z = -2*x + 4. What is the units digit of (x/(-2))/((-1)/104)?
2
Suppose 137 = 4*i - 771. Let n = -70 + i. What is the tens digit of n?
5
Let p(v) = -v**2 + v + 17. Suppose k = 4*m, -3*k = 5*m - 0*k. What is the tens digit of p(m)?
1
Let k(n) = -2*n + 14. Let p be k(-5). Suppose -6*x - p = -9*x. What is the units digit of x?
8
Let r be 4/(2 - -2)*-41. What is the hundreds digit of (-1 + r)/((-3)/8)?
1
Let q = -64 - -146. What is the units digit of q?
2
Let u = 342 + -171. Suppose -162 + u = p. What is the units digit of p?
9
Suppose f - 128*j + 130*j - 3227 = 0, 0 = -3*f + j + 9653. What is the thousands digit of f?
3
Let k(g) = 3*g - 3. Let n be k(2). Suppose -4*i + 33 = n*q, 0*i - q = 5*i - 55. What is the units digit of (-18)/i*16/(-6)?
4
Let u(c) = -317*c + 138. What is the hundreds digit of u(-4)?
4
Suppose 5*s = s + 72. Suppose 0 = -n + 3*d - 5, -2*d - s = -3*n - 5. Suppose 129 = -4*g + n*g. What is the tens digit of g?
4
Suppose 1631 = -5*h - 929. Let v = -299 - h. What is the hundreds digit of v?
2
Let n = -10 - -13. Suppose -12 + 0 = -4*r. Suppose -n*b + 7*d = 3*d - 28, r*d + 35 = 4*b. What is the units digit of b?
8
Suppose 3 = 3*i - 9. Let